ivided by 56158?
18
Calculate the remainder when 22759 is divided by 159.
22
What is the remainder when 28809071 is divided by 31?
27
Calculate the remainder when 28965931 is divided by 73.
42
Calculate the remainder when 886371 is divided by 68169.
174
What is the remainder when 1088169 is divided by 9727?
8472
What is the remainder when 22620256 is divided by 96?
64
What is the remainder when 1885955 is divided by 209530?
185
Calculate the remainder when 111970645 is divided by 361.
358
What is the remainder when 35036 is divided by 1945?
26
Calculate the remainder when 753299 is divided by 1576.
1547
What is the remainder when 17686767 is divided by 1118?
7
Calculate the remainder when 43998 is divided by 244.
78
What is the remainder when 3137347 is divided by 15?
7
Calculate the remainder when 166305 is divided by 188.
113
What is the remainder when 1070436 is divided by 117?
3
What is the remainder when 222685115 is divided by 27?
23
Calculate the remainder when 77584 is divided by 77574.
10
What is the remainder when 391051 is divided by 584?
355
What is the remainder when 258664 is divided by 104?
16
What is the remainder when 946750 is divided by 24?
22
What is the remainder when 182711 is divided by 36531?
56
What is the remainder when 531270968 is divided by 46?
40
Calculate the remainder when 51452778 is divided by 940.
938
What is the remainder when 5431 is divided by 3977?
1454
Calculate the remainder when 337072 is divided by 1505.
1457
What is the remainder when 1985885 is divided by 400?
285
What is the remainder when 20075583 is divided by 5018894?
7
Calculate the remainder when 260997 is divided by 260925.
72
What is the remainder when 3546050 is divided by 1181837?
539
Calculate the remainder when 5187188 is divided by 7.
6
Calculate the remainder when 1045915644 is divided by 21.
18
What is the remainder when 3600603 is divided by 9919?
6
What is the remainder when 102840 is divided by 3431?
3341
Calculate the remainder when 191414285 is divided by 208.
205
What is the remainder when 296433 is divided by 36?
9
What is the remainder when 476605 is divided by 476579?
26
Calculate the remainder when 977656 is divided by 1961.
1078
What is the remainder when 10285815 is divided by 1741?
1728
Calculate the remainder when 3388310 is divided by 5934.
5930
Calculate the remainder when 516650 is divided by 172188.
86
Calculate the remainder when 3051473 is divided by 582.
47
Calculate the remainder when 650769 is divided by 1496.
9
Calculate the remainder when 8578270 is divided by 608.
606
What is the remainder when 107576 is divided by 285?
131
Calculate the remainder when 156150 is divided by 500.
150
Calculate the remainder when 3108543 is divided by 34539.
33
Calculate the remainder when 40226 is divided by 20106.
14
What is the remainder when 62111168 is divided by 8849?
37
What is the remainder when 43465 is divided by 66?
37
What is the remainder when 8472379 is divided by 2824103?
70
What is the remainder when 10347521 is divided by 15?
11
Calculate the remainder when 15112338 is divided by 1379.
1256
Calculate the remainder when 127515 is divided by 15931.
67
What is the remainder when 71212 is divided by 4366?
1356
Calculate the remainder when 94502 is divided by 23532.
374
Calculate the remainder when 10066045 is divided by 38.
35
What is the remainder when 8948 is divided by 6946?
2002
Calculate the remainder when 523603 is divided by 174396.
415
Calculate the remainder when 341842 is divided by 2692.
2650
What is the remainder when 163778 is divided by 81105?
1568
Calculate the remainder when 256922 is divided by 128416.
90
What is the remainder when 24755171 is divided by 4951033?
6
Calculate the remainder when 12015594 is divided by 2403117.
9
Calculate the remainder when 7155463 is divided by 550420.
3
What is the remainder when 1304097 is divided by 62098?
39
Calculate the remainder when 20209831 is divided by 465.
1
What is the remainder when 57415853 is divided by 19138596?
65
What is the remainder when 49544 is divided by 2162?
1980
What is the remainder when 148494990 is divided by 4336?
4334
What is the remainder when 1132630 is divided by 337?
310
Calculate the remainder when 46611341 is divided by 71.
54
Calculate the remainder when 1139659 is divided by 379851.
106
Calculate the remainder when 53556387 is divided by 222.
219
What is the remainder when 107838839 is divided by 860?
859
Calculate the remainder when 1378502 is divided by 3676.
2
Calculate the remainder when 11111563 is divided by 43.
19
Calculate the remainder when 4323562 is divided by 441.
439
What is the remainder when 774443 is divided by 109?
107
What is the remainder when 455404 is divided by 864?
76
What is the remainder when 75043 is divided by 37503?
37
Calculate the remainder when 11732687 is divided by 22.
21
Calculate the remainder when 1213736 is divided by 37910.
616
What is the remainder when 82421741 is divided by 34?
29
Calculate the remainder when 28310 is divided by 244.
6
Calculate the remainder when 3774881 is divided by 738.
11
What is the remainder when 1129102 is divided by 293?
173
What is the remainder when 85741 is divided by 4298?
4079
Calculate the remainder when 228137 is divided by 5557.
300
Calculate the remainder when 653843 is divided by 278.
265
Calculate the remainder when 138500 is divided by 23008.
452
Calculate the remainder when 768595 is divided by 108.
67
What is the remainder when 243839925 is divided by 1237?
11
Calculate the remainder when 1149241 is divided by 203.
58
Calculate the remainder when 200783 is divided by 869.
44
What is the remainder when 909397 is divided by 1574?
1199
What is the remainder when 455269 is divided by 403?
282
Calculate the remainder when 847160 is divided by 84669.
470
What is the remainder when 3575497 is divided by 102156?
37
What is the remainder when 94865 is divided by 3713?
2040
What is the remainder when 164241 is divided by 82113?
15
What is the remainder when 66527366 is divided by 315?
311
Calculate the remainder when 252908470 is divided by 81452.
10
What is the remainder when 3190191 is divided by 1595090?
11
What is the remainder when 157100 is divided by 1054?
54
What is the remainder when 109943 is divided by 2341?
2257
What is the remainder when 9574912 is divided by 398954?
16
What is the remainder when 10731866 is divided by 370?
16
Calculate the remainder when 2070437 is divided by 71394.
11
Calculate the remainder when 94862561 is divided by 2790075.
11
Calculate the remainder when 14706263 is divided by 612758.
71
Calculate the remainder when 158165242 is divided by 2041.
2029
Calculate the remainder when 33123587 is divided by 2547963.
68
What is the remainder when 5445787 is divided by 1218?
109
What is the remainder when 16121 is divided by 873?
407
What is the remainder when 531247 is divided by 1864?
7
Calculate the remainder when 3352575 is divided by 8509.
29
Calculate the remainder when 45802 is divided by 936.
874
Calculate the remainder when 5949363 is divided by 283300.
63
What is the remainder when 94369871 is divided by 70?
1
Calculate the remainder when 40321 is divided by 2264.
1833
Calculate the remainder when 1732720 is divided by 76.
72
Calculate the remainder when 1093 is divided by 270.
13
Calculate the remainder when 273382236 is divided by 199987.
7
Calculate the remainder when 538513 is divided by 877.
35
What is the remainder when 26735767 is divided by 110?
47
Calculate the remainder when 97062236 is divided by 1023.
1019
Calculate the remainder when 907468 is divided by 905953.
1515
What is the remainder when 39394659 is divided by 895333?
7
What is the remainder when 1343635 is divided by 3067?
289
Calculate the remainder when 2283045 is divided by 30040.
5
What is the remainder when 9679029 is divided by 9678348?
681
Calculate the remainder when 286006 is divided by 4539.
49
What is the remainder when 1330771 is divided by 2891?
911
Calculate the remainder when 44802063 is divided by 55.
53
Calculate the remainder when 427062238 is divided by 240.
238
What is the remainder when 1142613 is divided by 16803?
9
What is the remainder when 20950076 is divided by 100?
76
Calculate the remainder when 552557 is divided by 6